re the prime factors of (x/(-3))/(-2)*6?
2
Let i = -3 - -8. Let k = 8 - i. List the prime factors of k.
3
Suppose -7*h + 12 = 341. Let y = 88 + h. What are the prime factors of y?
41
Let p = 4 - 2. Suppose l = p*l - 9. List the prime factors of l.
3
Suppose 2*q + 2 + 10 = 4*c, -2*q + 13 = c. Suppose c*b + 5 = -5*k, 9*k - 25 = 4*k + 5*b. List the prime factors of (-45)/k*2/(-3).
3, 5
Let t(c) = -2*c + 7. Let y be 2 + (-8 - 1) + 0. List the prime factors of t(y).
3, 7
Let f(p) = 315*p**3 + p**2 - 2*p + 1. List the prime factors of f(1).
3, 5, 7
Suppose -w = -2*w + 15. Let r be ((-20)/w)/((-2)/3). What are the prime factors of -34*(r - (-15)/(-6))?
17
Let w(f) = -4*f - 3. Let l be w(-3). Suppose -1 - l = -2*o. Suppose o*n + 5*y - 85 = 0, -4*n = -2*n - 5*y + 1. What are the prime factors of n?
2, 3
Suppose -4 = -2*f + 2*a, 3*f + a - 18 = -2*a. Let g(y) = 2*y**2 - 6*y + 8. What are the prime factors of g(f)?
2
Let l(g) = -8*g - 8. What are the prime factors of l(-4)?
2, 3
Let y be 1*-2 - (-24)/3. Suppose 0 = -4*n + y*n - 12. List the prime factors of n.
2, 3
Let y(v) = -v**3 + 3*v**2 + 2. Let s be y(3). Let r = 5 - s. What are the prime factors of r?
3
Let y = -135 - -409. What are the prime factors of y?
2, 137
Suppose -61 - 8 = -2*i - 5*x, 4*i - 3*x = 99. Suppose 4*s - 5*l - 26 = -3*l, -4*s + l + i = 0. What are the prime factors of s?
7
What are the prime factors of 2 + (-3 - (1 - 5))?
3
Let i(t) = 5*t**2 - t + 37. What are the prime factors of i(7)?
5, 11
Let j = -10 + 5. Let s(h) = -h**3 - 5*h**2 - 5*h - 7. List the prime factors of s(j).
2, 3
Let w(a) = -3*a - 10. Let o(p) = p + 3. Let z(k) = 7*o(k) + 2*w(k). Let j(r) = 6*r**2 - 8*r - 5. Let u(n) = j(n) + 5*z(n). List the prime factors of u(2).
2, 3
Suppose 0*u + 16 = -4*u. Let x be 10/u*(1 + -3). Let o = 8 - x. What are the prime factors of o?
3
Let v be (-3)/4 - (-45)/12. Suppose -2*w = -4*p - 2, -6 + v = w - 4*p. Suppose 5*i - 32 = 3*h, -2*i - i = -w*h - 32. What are the prime factors of i?
2
Let o(u) = 6*u**2 - u - 3. What are the prime factors of o(-3)?
2, 3
Let o(h) be the second derivative of -h**3/2 - 4*h**2 + 3*h. Let d be o(-10). Suppose 3*q + 0*x - x = d, x = 4*q - 28. List the prime factors of q.
2, 3
Let m(h) be the third derivative of h**5/60 + 5*h**4/24 - h**3/6 + h**2. Suppose -2*c - c = 18. What are the prime factors of m(c)?
5
Let u(g) = g**2 - 10*g + 11. Let k be u(9). Suppose -3*q + k*q = -12. List the prime factors of q.
2, 3
Let r = 13 - 4. Let w = r - 28. Let h = w + 29. What are the prime factors of h?
2, 5
Let v(j) = 14*j**2 + 2. Let b be v(2). Suppose -3*l + l + b = 0. What are the prime factors of l?
29
What are the prime factors of (968/12)/(8/12)?
11
Let a = 23 - 6. What are the prime factors of a?
17
Suppose 4 - 29 = -t. Suppose 5*g + 4 = -2*b - 8, 0 = -3*b + 3*g - 60. Let j = t + b. List the prime factors of j.
3
Suppose -3*r + 76 = 3*p - 380, -5*r = 3*p - 768. Let s = -107 + r. List the prime factors of s.
7
Let n(x) = -x**3 + 7*x**2 - 9*x - 3. Let a be n(4). Suppose 4*m - r - 15 = a, -4*m + 4 = 4*r. What are the prime factors of m?
5
Suppose 2*v + 6 + 16 = 0. Let d(x) = x**2 + 8*x + 10. What are the prime factors of d(v)?
43
Let j = -174 + 272. Suppose r - 34 = -3*i + 16, 0 = -5*i + 2*r + j. List the prime factors of i.
2, 3
Let u(l) be the second derivative of l**5/20 + l**4/2 - l**3/3 - 3*l**2/2 - 2*l. Let s be 1/((-3)/27) + 3. What are the prime factors of u(s)?
3
Let w(r) = -r**2 - r + 7. Let x(d) = -d**3 + 3*d**2 + 4*d. Let l be x(4). List the prime factors of w(l).
7
Let l = -163 + 309. List the prime factors of l.
2, 73
Let a(d) = -d**3 + 5*d**2 - 2*d - 4. Let f = -2 - -5. Let l(y) = y**3 - 4*y**2 + 5*y - 2. Let j be l(f). List the prime factors of a(j).
2
Suppose 4*t - 72 - 44 = 0. List the prime factors of t.
29
Suppose 4*c - 2*n - 82 = -22, -2*c - 3*n + 46 = 0. List the prime factors of c.
17
Let w be 2/((-1 - -2) + -3). Let p = w - -5. What are the prime factors of p?
2
Let n(a) = 7*a - 4. What are the prime factors of n(4)?
2, 3
Suppose 2*z = 4*p - 9*p + 33, 2*z - p - 15 = 0. What are the prime factors of z?
3
Suppose -j = b + 3*j - 13, 3*b - 84 = -3*j. What are the prime factors of b?
3, 11
Let n be (4/(-10))/(1/(-10)). Suppose 17 = 5*j + v, j = -n*j + 2*v + 11. Suppose -j*d - 4 = -4*d. List the prime factors of d.
2
Let m be 18 + (2 - (3 - 1)). Suppose -m = -4*j + 6. What are the prime factors of j?
2, 3
Let a = 44 + -42. Let t be (-4)/10 + (-12)/(-5). Suppose -t*b + a = -b. List the prime factors of b.
2
Suppose -5*l - 21 = -96. Let a = 24 - l. List the prime factors of a.
3
Suppose 5*h - 63 = -g, -h - 45 = -4*h + 3*g. Suppose -l + h = -0*l. What are the prime factors of l?
13
Suppose -5*i = -3*o - 238, 5*i + 2*o = -2*o + 266. What are the prime factors of i?
2, 5
Suppose -2*g = -39 - 61. List the prime factors of g.
2, 5
Let r = 43 - -1. What are the prime factors of r?
2, 11
Suppose -5*y + 35 = 3*a, 4*a + 60 = y + 3*y. List the prime factors of y.
2, 5
Let l = 1 + -7. Suppose -3*g = 4*i + 6 - 43, -2*i = g - 15. What are the prime factors of (g + -3)*l/(-8)?
3
Suppose -3*q - 2*f = -241, -2*f - 50 + 137 = q. What are the prime factors of q?
7, 11
Let p(g) = g + 3. Suppose 2*t - 71 = -31. Let r = t + -10. List the prime factors of p(r).
13
Suppose 2*b + 2*q = 60, 2*b - 33 = b - 4*q. Suppose -b = -2*s + s. List the prime factors of s.
29
Suppose -18 = 7*m - 5*m. Let i = -6 - m. What are the prime factors of i?
3
Let i(a) = 3*a**2 + 1. Suppose -3*z + 2*y = 3*y - 4, 2*z = -2*y. List the prime factors of i(z).
13
Let y(w) = -4*w**3 - 2*w**2 - w - 1. Let x be y(-2). Suppose 5*c + 0 - x = 0. What are the prime factors of 1 + c + (0 - -1)?
7
Suppose -48 = -4*o + 168. What are the prime factors of o?
2, 3
Let a = 4 - 2. Let u be 27/36 + (-13)/(-4). Let c = u - a. List the prime factors of c.
2
Suppose -3*h - 2*h = 60. Let i(q) = q**3 + 13*q**2 + 11*q - 1. What are the prime factors of i(h)?
11
Let i(r) = r + 75. Let d be i(0). Suppose -22 = -v + 2*j, -5*v + d = -3*j - 14. List the prime factors of v.
2
Suppose -6*g + 11 + 19 = 0. Suppose 5*l - c - 3*c = 75, -g*l - 4*c + 35 = 0. What are the prime factors of l?
11
Let t = 1 + 4. Let p = 9 - t. Suppose r = p*r - 15. What are the prime factors of r?
5
Let o = 16 + -4. Suppose 4*h = -h - 5*b + 10, 4*b + o = 0. List the prime factors of h.
5
Suppose 0 = -5*v - 4*n + 273, 3*n = 8*n + 15. List the prime factors of v.
3, 19
Let m = 15 + -14. Suppose -4*c + 4*i + 24 = 0, 2*i - m = i. What are the prime factors of c?
7
Let u(l) = -13*l + 2. Let m be u(2). Let k = m + 16. Let j(z) = -z + 3. List the prime factors of j(k).
11
Suppose 4*n + f = 9, 4*f + 9 = 2*n + 3*f. Let y(s) = -1 - s**2 - n - 9*s - 1. List the prime factors of y(-8).
3
Suppose -x + 4*x + 30 = 0. List the prime factors of ((-8)/(-10))/((-4)/x).
2
Let i = 1 + -4. Let x(g) = -g**3 - g**2 + 4*g + 1. What are the prime factors of x(i)?
7
Suppose -2*y + 0*y + 4 = 0. What are the prime factors of (25/10)/(y/4)?
5
Let p be (2 + 2 + -4)/4. Suppose p = -11*x + 16*x - 225. List the prime factors of x.
3, 5
Let b be (-6)/(-4)*(1 + 1). Suppose 0 = b*v - v - 10. What are the prime factors of v?
5
Let a(d) = -8 + 6 - 15*d + 3*d. List the prime factors of a(-4).
2, 23
Let y = -10 - -1. Let d = -6 - y. Suppose -2*f = 4*p, 5*p = -d*f - 0 + 4. What are the prime factors of f?
2
What are the prime factors of (-2 - 144/(-20))/(2/30)?
2, 3, 13
Let l be (-1)/4 - (-7)/28. Suppose l*r = -r + 4. What are the prime factors of r?
2
Let n be ((-1)/(3/(-12)))/(-2). Let l = 3 - n. List the prime factors of l.
5
Suppose 7 = 2*c - 3*c. Let h be (1/2)/(c/98). Let i = h + 12. List the prime factors of i.
5
Let v = 5 + 0. Let o = -2 + v. List the prime factors of 17 - o - (1 - -1).
2, 3
Let i(b) = -b**2 - 2*b + 4. Let v be i(-4). List the prime factors of (-2)/4*(-10 - v).
3
Suppose -5*r - 5*x = 0, 0 = 2*r + 4*x + x + 6. Let l = r - 1. What are the prime factors of (2 - -5)/(l - 0)?
7
Let p(u) be the first derivative of -u**4/4 + 2*u**3 - 2*u**2 + 4. List the prime factors of p(5).
5
Let m = 36 + -52. What are the prime factors of -2 - (1 + (m - -2))?
11
Suppose m = -3*a + a + 56, 2*a = -2*m + 56. List the prime factors of a.
2, 7
Let l(a) = 3*a + 1. List the prime factors of l(